8 (base 13) in base 16?
5c528
What is 184a627 (base 11) in base 4?
23330302312
What is -2415453 (base 6) in base 5?
-13030334
Convert -3050143 (base 6) to base 12.
-70953
-154422b (base 15) to base 11
-8771279
-784c (base 15) to base 16
-6399
What is 3320133421 (base 5) in base 6?
414100510
-32352665 (base 7) to base 3
-12012200212122
What is 840579 (base 11) in base 15?
1b9493
4ba16 (base 16) to base 7
2430104
What is 22013101 (base 4) in base 6?
515441
112221122101 (base 3) to base 10
294256
What is 301144405 (base 6) in base 5?
2301140402
dbc0 (base 16) to base 11
392a2
Convert -123100310 (base 4) to base 3.
-12200011212
4011105 (base 6) to base 8
557421
What is 220112022002 (base 3) in base 2?
1110101111000000000
Convert 1256d2 (base 16) to base 14.
234002
What is 4076289 (base 10) in base 12?
1446b69
What is -3a2a30 (base 12) in base 14?
-1ad5ac
What is 9943 (base 15) in base 6?
410143
What is 40277 (base 12) in base 16?
1457b
What is -157264 (base 9) in base 14?
-275b3
What is -d85dc (base 14) in base 8?
-1774446
Convert 129f09 (base 16) to base 7.
13241622
Convert 14555454 (base 10) to base 16.
de193e
What is 3886a (base 12) in base 14?
20230
22c3b (base 15) to base 4
123002210
What is 1010013010 (base 4) in base 16?
441c4
Convert 7ab805 (base 16) to base 5.
4024330001
Convert 33211210320 (base 4) to base 5.
2021223242
What is 1441224 (base 6) in base 10?
83248
What is 41106512 (base 7) in base 3?
20110022100212
-424010 (base 5) to base 10
-14255
What is -b04c55 (base 15) in base 14?
-117c109
What is c2b0 (base 13) in base 10?
26845
-563300 (base 7) to base 9
-161575
What is -12237 (base 14) in base 3?
-2020211102
115325343 (base 6) to base 16
21dfbf
-22763054 (base 9) to base 6
-1033321421
Convert -1010100110100001000110 (base 2) to base 10.
-2779206
What is 10111011001011010 (base 2) in base 16?
1765a
-10479b4 (base 14) to base 7
-122325414
Convert 214020 (base 9) to base 5.
13040333
Convert 5392628 (base 12) to base 15.
15d66b2
Convert 145491 (base 10) to base 12.
70243
Convert 536350 (base 8) to base 7.
1345061
Convert -5146514 (base 7) to base 8.
-2265012
-1000110101011000100 (base 2) to base 14
-776cc
Convert -408511 (base 16) to base 13.
-b507c2
What is 2111a2 (base 11) in base 13?
baca8
What is 159370 (base 13) in base 11?
335611
What is 5774036 (base 9) in base 6?
150505440
1313130002 (base 4) to base 16
77702
What is -c8dc35 (base 14) in base 2?
-11001111011111110110111
1163145 (base 7) to base 11
a274a
100121022112 (base 3) to base 16
2e271
What is -280912 (base 15) in base 5?
-443111132
12012012111000 (base 3) to base 15
3979e6
What is 20b05 (base 15) in base 8?
312462
-3a6cac (base 16) to base 15
-509758
Convert -1441491 (base 14) to base 3.
-200111211101222
What is 7123197 (base 11) in base 12?
4275074
What is 467710 (base 8) in base 16?
26fc8
-87149 (base 11) to base 4
-132322123
What is -10210000120 (base 4) in base 15?
-1895c1
Convert -239a0a1 (base 11) to base 5.
-2031441330
-101001110000110011000 (base 2) to base 14
-278a00
What is 247417 (base 11) in base 3?
201211122102
Convert 115245551 (base 7) to base 11.
4092936
-1071642 (base 8) to base 6
-10130402
What is -21c2c (base 16) in base 10?
-138284
-322410202 (base 5) to base 2
-101001111000110001000
What is -1675760 (base 8) in base 14?
-caa64
What is 1110100110110011100001 (base 2) in base 11?
2185834
What is 2136260 (base 10) in base 14?
3d8740
What is -201100310 (base 4) in base 15?
-2a57e
What is a471 (base 14) in base 15?
85d3
Convert 1011221010220 (base 3) to base 10.
628503
Convert -108b2c (base 15) to base 14.
-1676d6
What is -228111 (base 9) in base 5?
-13342033
-245ae1 (base 15) to base 14
-334478
2342422 (base 6) to base 3
20012220212
Convert -17269 (base 16) to base 2.
-10111001001101001
-44424443 (base 5) to base 15
-7a583
-10001101001011111110000 (base 2) to base 3
-22201001020202
Convert 110110110001 (base 2) to base 12.
2041
-10210100 (base 5) to base 10
-85025
-81c312 (base 14) to base 10
-4374540
Convert -654014 (base 7) to base 2.
-11011111000110110
Convert -10120120011 (base 3) to base 14.
-1b921
Convert -2fa78 (base 16) to base 4.
-233221320
Convert -80273 (base 11) to base 3.
-12222010000
Convert 696697 (base 11) to base 3.
2002020101001
Convert -113223331 (base 4) to base 16.
-17afd
Convert 7329c (base 14) to base 3.
112002220020
312715 (base 9) to base 5
21420442
Convert -33ee9 (base 15) to base 9.
-271753
Convert 21a47 (base 12) to base 15.
d39a
What is -102221222001 (base 3) in base 15?
-49b61
Convert 111001110000100 (base 2) to base 16.
7384
What is -411074 (base 8) in base 4?
-201020330
-28958 (base 10) to base 11
-1a836
Convert 685a (base 12) to base 15.
367a
Convert 484106 (base 14) to base 4.
21122332222
-255a841 (base 12) to base 5
-3334311124
What is -1140102 (base 5) in base 16?
-531d
2031121010 (base 4) to base 2
10001101011001000100
Convert -20321320 (base 6) to base 9.
-1083013
What is -420110444 (base 6) in base 14?
-d79b76
Convert -466247 (base 8) to base 6.
-3223331
What is -1323441303 (base 5) in base 14?
-6305b2
Convert -553517 (base 11) to base 13.
-24bc3c
What is 120231131 (base 4) in base 9?
163748
-13301141340 (base 5) to base 7
-262645035
What is -161082 (base 14) in base 12?
-31234a
Convert 15554400 (base 7) to base 8.
5604024
-570018 (base 13) to base 9
-3773773
45331343 (base 6) to base 16
1510ef
Convert -112421345 (base 6) to base 12.
-847855
What is -bb646 (base 12) in base 9?
-417200
What is -1037787 (base 9) in base 14?
-106d29
-3b44ad (base 16) to base 12
-1373979
-191db7 (base 14) to base 15
-128631
What is 4452a0 (base 11) in base 4?
2231102033
Convert -11224033 (base 5) to base 13.
-37424
-1000222220111 (base 3) to base 9
-1028814
What is -478655 (base 11) in base 3?
-1102111221201
Convert -11011110000011011001 (base 2) to base 13.
-25acaa
Convert 2ab393c (base 13) to base 6.
1205222242
Convert -1233410 (base 7) to base 8.
-467722
-258ebc (base 15) to base 14
-34caca
11246333 (base 7) to base 6
33051435
22010020322 (base 4) to base 6
132314442
What is -954892 (base 12) in base 10?
-2351342
What is -110011110011001101000 (base 2) in base 14?
-32281a
-173ad (base 14) to base 2
-1110001111111101
223b0 (base 14) to base 4
110101312
Convert 85f20 (base 16) to base 7.
4443351
What is -360071 (base 11) in base 2?
-10001011011011000101
What is -c782b (base 13) in base 5?
-43001000
Convert -102101302 (base 5) to base 13.
-11b6cb
What is -41ed8 (base 16) in base 8?
-1017330
Convert -6171d7 (base 15) to base 5.
-2141142202
11111101100110101 (base 2) to base 12
63185
-11233223033 (base 5) to base 11
-7245744
What is 65174 (base 9) in base 12?
20b87
Convert -11dc3 (base 14) to base 8.
-125547
What is -2c903 (base 16) in base 3?
-100021101102
-a85216 (base 15) to base 9
-16067013
-15152057 (base 9) to base 13
-173a01c
What is -98152 (base 12) in base 16?
-30fce
What is -36884 (base 9) in base 2?
-110000011001101
What is -200301023 (base 4) in base 16?
-20c4b
-82dab (base 16) to base 4
-2002312223
Convert 433222143 (base 6) to base 15.
a26739
What is 1000010010100010100 (base 2) in base 15?
55741
What is 1310715 (base 11) in base 10?
2270218
What is 1321222131 (base 4) in base 10?
498333
What is 10644427 (base 9) in base 13?
10bb980
-1db3d (base 14) to base 13
-28962
Convert 60044161 (base 7) to base 5.
2231433301
Convert 888623 (base 10) to base 15.
128468
What is 15423414 (base 6) in base 3?
1000211022201
What is 252245131 (base 6) in base 14?
90c3b9
Convert -7a1468 (base 13) to base 7.
-33354501
2503356 (base 7) to base 14
84b66
Convert -2231121121 (base 4) to base 11.
-445677
122313222020 (base 4) to base 6
410545452
-102121201101121 (base 3) to base 14
-b6a496
What is 99f878 (base 16) in base 6?
1000135452
-10122112120 (base 3) to base 9
-118476
11004211 (base 9) to base 15
70084d
Convert 2652163 (base 8) to base 16.
b5473
-154232525 (base 6) to base 3
-20011221112022
-1220121211 (base 3) to base 4
-21030001
What is -69a8a48 (base 11) in base 8?
-56534531
804445 (base 9) to base 16
74219
Convert -7d935d (base 14) to base 13.
-b725bb
-11c9c (base 16) to base 14
-1c7a4
Convert -67281 (base 14) to base 10.
-250209
Convert 143445 (base 10) to base 3.
21021202210
Convert -121737 (base 10) to base 5.
-12343422
Convert 3